7, 13
List the prime factors of 1108.
2, 277
List the prime factors of 2115.
3, 5, 47
What are the prime factors of 5676?
2, 3, 11, 43
List the prime factors of 5001.
3, 1667
List the prime factors of 3008.
2, 47
List the prime factors of 92342.
2, 46171
What are the prime factors of 149507?
47, 3181
List the prime factors of 1411.
17, 83
List the prime factors of 9372.
2, 3, 11, 71
List the prime factors of 5547.
3, 43
List the prime factors of 82270.
2, 5, 19, 433
List the prime factors of 10633.
7, 31
List the prime factors of 10302.
2, 3, 17, 101
List the prime factors of 61480.
2, 5, 29, 53
What are the prime factors of 225?
3, 5
List the prime factors of 695.
5, 139
What are the prime factors of 1497?
3, 499
What are the prime factors of 6205?
5, 17, 73
List the prime factors of 2200.
2, 5, 11
List the prime factors of 106.
2, 53
What are the prime factors of 12884?
2, 3221
List the prime factors of 151.
151
List the prime factors of 2371.
2371
What are the prime factors of 4455?
3, 5, 11
What are the prime factors of 702?
2, 3, 13
List the prime factors of 4083.
3, 1361
List the prime factors of 3933.
3, 19, 23
What are the prime factors of 14996?
2, 23, 163
What are the prime factors of 22000?
2, 5, 11
List the prime factors of 13207.
47, 281
List the prime factors of 17406.
2, 3, 967
What are the prime factors of 457?
457
List the prime factors of 53534.
2, 13, 29, 71
What are the prime factors of 9096?
2, 3, 379
What are the prime factors of 2246?
2, 1123
List the prime factors of 55865.
5, 11173
What are the prime factors of 5626?
2, 29, 97
List the prime factors of 118013.
7, 23, 733
What are the prime factors of 213?
3, 71
What are the prime factors of 988?
2, 13, 19
List the prime factors of 58695.
3, 5, 7, 13, 43
What are the prime factors of 17202?
2, 3, 47, 61
List the prime factors of 772.
2, 193
What are the prime factors of 2546?
2, 19, 67
What are the prime factors of 21822?
2, 3, 3637
What are the prime factors of 1697?
1697
What are the prime factors of 1314?
2, 3, 73
List the prime factors of 612.
2, 3, 17
What are the prime factors of 655?
5, 131
What are the prime factors of 1780?
2, 5, 89
List the prime factors of 194297.
331, 587
What are the prime factors of 181617?
3, 60539
What are the prime factors of 5835?
3, 5, 389
What are the prime factors of 10632?
2, 3, 443
What are the prime factors of 1241?
17, 73
What are the prime factors of 13362?
2, 3, 17, 131
List the prime factors of 15571.
23, 677
List the prime factors of 1088.
2, 17
List the prime factors of 26694.
2, 3, 1483
What are the prime factors of 849?
3, 283
List the prime factors of 151834.
2, 89, 853
What are the prime factors of 2296?
2, 7, 41
What are the prime factors of 6902?
2, 7, 17, 29
List the prime factors of 6199.
6199
What are the prime factors of 21575?
5, 863
What are the prime factors of 83879?
37, 2267
What are the prime factors of 9133?
9133
What are the prime factors of 2154?
2, 3, 359
What are the prime factors of 1463?
7, 11, 19
What are the prime factors of 27302?
2, 11, 17, 73
List the prime factors of 1302.
2, 3, 7, 31
List the prime factors of 413.
7, 59
What are the prime factors of 16520?
2, 5, 7, 59
What are the prime factors of 813?
3, 271
List the prime factors of 322.
2, 7, 23
What are the prime factors of 7253?
7253
List the prime factors of 1325.
5, 53
What are the prime factors of 7224?
2, 3, 7, 43
What are the prime factors of 2118?
2, 3, 353
List the prime factors of 46.
2, 23
What are the prime factors of 32250?
2, 3, 5, 43
What are the prime factors of 17756?
2, 23, 193
List the prime factors of 214.
2, 107
List the prime factors of 6354.
2, 3, 353
List the prime factors of 103.
103
List the prime factors of 1171.
1171
List the prime factors of 4015.
5, 11, 73
List the prime factors of 656.
2, 41
What are the prime factors of 4995?
3, 5, 37
List the prime factors of 52566.
2, 3, 8761
List the prime factors of 17579.
17579
List the prime factors of 1020.
2, 3, 5, 17
What are the prime factors of 1093?
1093
List the prime factors of 5294.
2, 2647
What are the prime factors of 2772?
2, 3, 7, 11
What are the prime factors of 3729?
3, 11, 113
What are the prime factors of 48661?
48661
List the prime factors of 21149.
21149
What are the prime factors of 573?
3, 191
What are the prime factors of 2231?
23, 97
What are the prime factors of 29015?
5, 7, 829
List the prime factors of 32.
2
List the prime factors of 68835.
3, 5, 13, 353
What are the prime factors of 2658?
2, 3, 443
What are the prime factors of 1266?
2, 3, 211
List the prime factors of 4131.
3, 17
What are the prime factors of 4817?
4817
List the prime factors of 152494.
2, 19, 4013
What are the prime factors of 2759?
31, 89
List the prime factors of 5326.
2, 2663
List the prime factors of 7978.
2, 3989
What are the prime factors of 70725?
3, 5, 23, 41
List the prime factors of 9630.
2, 3, 5, 107
List the prime factors of 7905.
3, 5, 17, 31
What are the prime factors of 538?
2, 269
List the prime factors of 24085.
5, 4817
List the prime factors of 21817.
21817
What are the prime factors of 1031?
1031
List the prime factors of 3843.
3, 7, 61
What are the prime factors of 537?
3, 179
What are the prime factors of 7336?
2, 7, 131
What are the prime factors of 2081?
2081
What are the prime factors of 11320?
2, 5, 283
What are the prime factors of 1958?
2, 11, 89
What are the prime factors of 148169?
7, 61, 347
List the prime factors of 1040.
2, 5, 13
What are the prime factors of 466?
2, 233
What are the prime factors of 15090?
2, 3, 5, 503
What are the prime factors of 55296?
2, 3
What are the prime factors of 1356?
2, 3, 113
What are the prime factors of 1712?
2, 107
List the prime factors of 6538.
2, 7, 467
What are the prime factors of 48?
2, 3
What are the prime factors of 5038?
2, 11, 229
What are the prime factors of 528?
2, 3, 11
What are the prime factors of 32817?
3, 10939
List the prime factors of 21388.
2, 5347
What are the prime factors of 1390?
2, 5, 139
What are the prime factors of 53064?
2, 3, 11, 67
What are the prime factors of 18517?
18517
List the prime factors of 8345.
5, 1669
List the prime factors of 502.
2, 251
What are the prime factors of 3130?
2, 5, 313
List the prime factors of 113652.
2, 3, 7, 11, 41
List the prime factors of 10115.
5, 7, 17
What are the prime factors of 4156?
2, 1039
What are the prime factors of 3176?
2, 397
List the prime factors of 170.
2, 5, 17
List the prime factors of 13361.
31, 431
What are the prime factors of 15263?
15263
List the prime factors of 54406.
2, 11, 2473
List the prime factors of 24643.
19, 1297
What are the prime factors of 5963?
67, 89
List the prime factors of 5116.
2, 1279
List the prime factors of 74815.
5, 13, 1151
List the prime factors of 9247.
7, 1321
What are the prime factors of 21420?
2, 3, 5, 7, 17
What are the prime factors of 866?
2, 433
What are the prime factors of 108690?
2, 3, 5, 3623
List the prime factors of 16.
2
List the prime factors of 125003.
125003
What are the prime factors of 10278?
2, 3, 571
What are the prime factors of 3927?
3, 7, 11, 17
What are the prime factors of 13905?
3, 5, 103
What are the prime factors of 21219?
3, 11, 643
What are the prime factors of 20313?
3, 37, 61
What are the prime factors of 28340?
2, 5, 13, 109
What are the prime factors of 28118?
2, 17, 827
What are the prime factors of 72718?
2, 103, 353
What are the prime factors of 6725?
5, 269
List the prime factors of 1686.
2, 3, 281
What are the prime factors of 827?
827
List the prime factors of 1400.
2, 5, 7
What are the prime factors of 272?
2, 17
List the prime factors of 7965.
3, 5, 59
What are the prime factors of 1746?
2, 3, 97
What are the prime factors of 461?
461
What are the prime factors of 11383?
11383
List the prime factors of 17828.
2, 4457
What are the prime factors of 47066?
2, 101, 233
What are the prime factors of 2651?
11, 241
List the prime factors of 42352.
2, 2647
List the prime factors of 104.
2, 13
List the prime factors of 3108.
2, 3, 7, 37
What are the prime factors of 157793?
157793
What are the prime factors of 4561?
4561
List the prime factors of 390.
2, 3, 5, 13
List the prime factors of 12770.
2, 5, 1277
List the prime factors of 15137.
15137
What are the p